u + 361 - d = 0. Calculate the highest common divisor of u and 9.
9
Suppose -i = 4*r - 1 - 1, i = 5*r + 2. Suppose -5*h + 2*o + i*o = -162, -2*h + 54 = 2*o. Calculate the highest common divisor of 40 and h.
10
Let g be 2 - (-2 - -3 - -8). Let m = 12 + g. Let r be (11/m + -3)*-15. Calculate the highest common divisor of r and 4.
4
Let j = 271 - 157. Let w = j + -78. What is the highest common divisor of w and 24?
12
Let q(h) = 168*h**3 - 3*h**2 + 3*h - h - 167*h**3 - 2. Let c be q(3). Calculate the highest common divisor of c and 16.
4
Let o(a) = -a**3 + 2*a - 49. Let n be o(0). Let i = -28 - n. Calculate the greatest common factor of i and 7.
7
Suppose -2*i + 7*i = 200. Suppose -2740*v = -2693*v - 6580. What is the highest common divisor of i and v?
20
Let h(i) = 20*i - 220. Let t be h(16). What is the greatest common factor of 40 and t?
20
Suppose -4*n + 35 = 3. Let f be (n/(-20))/(1 + (-32)/30). Calculate the greatest common factor of f and 9.
3
Let c(y) = 3*y**2 + 4*y. Let b be c(-6). Let t be 1/((-1)/210*-10). Calculate the highest common factor of t and b.
21
Suppose -234 = -25*o + 316. What is the highest common divisor of o and 231?
11
Let t(i) = 5*i**2 + i + 3. Let w(z) = -1. Let h(r) = -t(r) - 6*w(r). Let u be h(-2). Let m = 38 + u. What is the greatest common divisor of 207 and m?
23
Suppose 0 = -2*a - 3 + 17. Let h be a/((-21)/6) - -62. Calculate the highest common divisor of h and 10.
10
Let m = 583 + 132. What is the highest common divisor of 130 and m?
65
Let p be -78*(-63)/(-18)*-2. What is the highest common factor of 234 and p?
78
Suppose 3 = -4*u - 5. Let i be (-110)/u - (-1)/1. Let g be (-4)/((-16)/(-12)) + 143. What is the greatest common divisor of g and i?
28
Let x(h) = h**3 - 2*h + 1. Let k be x(0). Let r(j) = -j**3 + 3*j + 2. Let l be r(-2). What is the highest common divisor of l and k?
1
Suppose 0 = 748*i - 756*i + 1536. Calculate the highest common factor of i and 6.
6
Let o be 3*16/(-36)*-3. Suppose 0 = -5*a - 4*t + 150, 4*t = -a + o*a - 122. Calculate the greatest common divisor of a and 238.
34
Let q(n) = 2*n**2 - 8*n - 85. Let m be q(10). Calculate the greatest common divisor of m and 245.
35
Let n be 0*11/33 + (1 - -23). Let y(f) = 2*f**2 + 12*f - 14. Let a be y(-13). What is the highest common divisor of a and n?
24
Suppose 3*h + 12 = 0, 7*i - 3*h = 5*i + 80. Suppose t - 2 = 49. What is the highest common factor of t and i?
17
Suppose -5*k + 14 - 4 = 0. Suppose g - 2 = 0, 0 = 3*c + k*c - 5*g - 15. What is the greatest common divisor of 55 and c?
5
Let f(d) = -d**2 - 15*d - 14. Suppose -130 = 3*b + 7*b. Let y be f(b). Calculate the greatest common factor of y and 30.
6
Let z = -114 + 92. Let r = 78 + z. Calculate the greatest common factor of r and 14.
14
Let o(h) = -2*h**2 - 133*h + 27. Let u be o(-20). Calculate the highest common factor of 111 and u.
111
Suppose -45*a + 2776 = 121. What is the highest common divisor of a and 2?
1
Let w(v) = 2*v**2 - 2*v. Let q be w(3). Let s(i) = 5*i - 20. Let b be s(q). What is the highest common divisor of b and 10?
10
Suppose -18 = 3*m - 6*m. Let d(i) = i + 12. Let j be d(-7). Suppose 0 = j*f - 20, -4*f = -0*z - z - 14. Calculate the highest common factor of z and m.
2
Let c = -28 + 32. Suppose 4*p + 3*h = 3*p - 4, c*p + 2*h - 34 = 0. Calculate the highest common divisor of p and 44.
11
Suppose -4*c + 846 = 2*n, -5*c - 853 = -2*n - 2*c. What is the highest common divisor of n and 25?
25
Let z(p) = -3*p - 48. Let d be z(-17). Suppose 50 - 6 = 4*n + g, -5*n - d*g = -55. Calculate the greatest common divisor of 11 and n.
11
Suppose -3*u + 2*k + 166 = 0, u - 2*k = 2*k + 42. Let z(x) = 3*x**3 + 2*x**2 - 3. Let t be z(2). What is the highest common factor of u and t?
29
Let g(w) = 2*w - 63. Let b be g(51). What is the greatest common factor of 221 and b?
13
Let z = 6 + -2. Suppose -4*s = -3*o - 125, -s + 0*o - z*o + 36 = 0. What is the highest common factor of 16 and s?
16
Let z be (18/(-2))/(1/(-1)). Let l be 138/z - (-2)/3. Let h(m) = 83*m - 3. Let s be h(1). What is the highest common factor of s and l?
16
Suppose 5*o + 26 - 76 = 0. Let a = 11 - 7. Suppose a*d = 120 + 80. What is the highest common divisor of o and d?
10
Suppose -60*d = -55*d. Suppose -30 = -3*v - d*v. Calculate the highest common factor of 10 and v.
10
Let q = 195 + -125. Suppose -107 = -17*t + 131. What is the highest common factor of t and q?
14
Let x(r) = 7*r**2 + 4*r + 8. Let p be x(4). What is the highest common factor of 204 and p?
68
Let i = 122 + -118. Let d be 8*3/(-5 - -11). Calculate the greatest common divisor of i and d.
4
Let b be 20/130 - 271/(-13). Suppose 0 = -u - 4*o - 0 - 9, 3 = -2*u - 3*o. Calculate the highest common divisor of u and b.
3
Let k(j) be the second derivative of 0*j**2 - 3*j + 0 + 5/2*j**3. Let h be k(6). What is the highest common factor of 36 and h?
18
Let j(x) = 1. Let h = -91 + 55. Let c(s) = 6*s + 18. Let q(o) = h*j(o) + 2*c(o). Let z be q(1). Calculate the greatest common divisor of z and 48.
12
Let s be 5 + (-2 - (-3 - -4)). Suppose 3*m - 5 - 7 = -3*n, -s*m - 5*n = 7. Suppose 3 = -3*f + 300. What is the highest common divisor of f and m?
9
Suppose -3*j - 119 = 5*z - 29, 5 = -2*z + 5*j. Let n = z - -19. Suppose -n*v = v - 65. Calculate the greatest common divisor of v and 104.
13
Let m = -499 + 579. Suppose 0 = -c - 4*p + 44, 5*c - 132 - 19 = 3*p. What is the highest common factor of c and m?
16
Suppose -2*s + 3*s - 27 = 5*j, 3*s - 3*j - 33 = 0. Suppose 18 = 5*v + 163. Let w = s - v. What is the highest common divisor of w and 108?
36
Suppose 0 = 2*i + 8, 5*i - 355 = q - 4*q. Calculate the highest common divisor of q and 25.
25
Let p be ((-66)/(-21))/(12/168). What is the highest common divisor of p and 198?
22
Let d be 1/((-4)/(-18))*4. Let f be d/(-4)*(-4 - -2). Let b be (f/3 - 2) + 2. Calculate the highest common divisor of b and 3.
3
Let s be (-11)/((-22)/12) + 2. Suppose 69*t - 67*t - 4 = 0. What is the highest common divisor of s and t?
2
Let x = -956 + 950. Suppose 5*r - 4*y = -33, 4*r + y + 23 = -r. Let z be x/(r - -2) - -110. What is the highest common factor of 14 and z?
14
Suppose 2*c + 322 = 9*c. Calculate the greatest common factor of 161 and c.
23
Let r be (-14 - -2)*(-34)/4. Let b = r + -83. Calculate the greatest common divisor of b and 57.
19
Suppose g - o - 36 = 0, g + o - 9 = 19. Suppose 9*v - 180 = 6*v. Suppose -3*l + v = 2*l + 5*z, 96 = 5*l - 4*z. Calculate the highest common divisor of g and l.
16
Let k = -4 + 19. Let l = -57 + 51. Let h be (-351)/l + (-12)/(-8). Calculate the highest common divisor of k and h.
15
Let p be -15*4/(-18)*(-1071)/(-105). What is the highest common factor of 119 and p?
17
Let y(c) = c**3 - 17*c**2 - 28*c - 51. Let t be y(20). What is the greatest common factor of 76 and t?
19
Let j be (-5)/(-4) + 2490/120. What is the greatest common factor of j and 275?
11
Let g = -26 - -48. Suppose 3*b - 1 = 2*b. Let x be 0 - b - -2*6. Calculate the greatest common factor of g and x.
11
Suppose -p - m + 3*m + 428 = 0, m = -3*p + 1270. Calculate the highest common divisor of 8 and p.
8
Let y = 92 - 65. Let k(h) be the third derivative of h**5/20 + h**4/4 + h**3/2 - 5*h**2. Let s be k(5). Calculate the greatest common factor of y and s.
27
Suppose 4*n = -4*m + 384, -248 = -2*n + 3*m - 71. What is the greatest common divisor of n and 1116?
93
Suppose -g - 4*g = -5, -2*y - 3 = 3*g. Let r be (17 + -1)*y*(-7)/12. What is the highest common factor of r and 98?
14
Suppose 0 = -126*x + 137*x - 803. Calculate the greatest common divisor of 1825 and x.
73
Let m(o) = 2*o**3 + 4*o**2 + 16*o - 27. Let t be m(3). What is the greatest common divisor of 3774 and t?
111
Let g be (392/(-462) + (-4)/(-22))*1803. Let z = -784 - g. Calculate the greatest common factor of 38 and z.
38
Let q(f) = 5*f**2 + 6*f + 17. Let z be q(-6). What is the highest common factor of z and 46?
23
Let y(z) = 2 - 3*z**2 + 6*z + 9 + 2*z**2 - 8*z. Let j be y(-5). Let n be j/(-6) + 416/24. Calculate the highest common factor of n and 9.
9
Let h(f) = f**3 + 3*f**2 + 2*f - 2. Let q be h(-3). Let i be 2*(-2 - 228/q) - 1. What is the greatest common factor of 78 and i?
26
Let z(l) = 4*l**2 - 3*l + 4*l + 0 + 3 + 2*l + l**3. Let y be z(-3). Let a be ((-3)/9)/(1/(-9)). Calculate t